{"version":"1.0","provider_name":"Lietuvos Nacionalin\u0117s Filharmonijos TV","provider_url":"https:\/\/nationalphilharmonic.tv\/en\/","title":"P\u0112TERIS VASKS - Lietuvos Nacionalin\u0117s Filharmonijos TV","type":"rich","width":600,"height":338,"html":"<blockquote class=\"wp-embedded-content\" data-secret=\"upkYZRhdbM\"><a href=\"https:\/\/nationalphilharmonic.tv\/en\/koncertas\/peteris-vasks-concerto-for-viola-and-string-orchestra\/\">P\u0112TERIS VASKS<\/a><\/blockquote><iframe sandbox=\"allow-scripts\" security=\"restricted\" src=\"https:\/\/nationalphilharmonic.tv\/en\/koncertas\/peteris-vasks-concerto-for-viola-and-string-orchestra\/embed\/#?secret=upkYZRhdbM\" width=\"600\" height=\"338\" title=\"&#8220;P\u0112TERIS VASKS&#8221; &#8212; Lietuvos Nacionalin\u0117s Filharmonijos TV\" data-secret=\"upkYZRhdbM\" frameborder=\"0\" marginwidth=\"0\" marginheight=\"0\" scrolling=\"no\" class=\"wp-embedded-content\"><\/iframe><script type=\"text\/javascript\">\n\/*! This file is auto-generated *\/\n!function(d,l){\"use strict\";var e=!1,o=!1;if(l.querySelector)if(d.addEventListener)e=!0;if(d.wp=d.wp||{},!d.wp.receiveEmbedMessage)if(d.wp.receiveEmbedMessage=function(e){var t=e.data;if(t)if(t.secret||t.message||t.value)if(!\/[^a-zA-Z0-9]\/.test(t.secret)){for(var r,a,i,s=l.querySelectorAll('iframe[data-secret=\"'+t.secret+'\"]'),n=l.querySelectorAll('blockquote[data-secret=\"'+t.secret+'\"]'),o=new RegExp(\"^https?:$\",\"i\"),c=0;c<n.length;c++)n[c].style.display=\"none\";for(c=0;c<s.length;c++)if(r=s[c],e.source===r.contentWindow){if(r.removeAttribute(\"style\"),\"height\"===t.message){if(1e3<(i=parseInt(t.value,10)))i=1e3;else if(~~i<200)i=200;r.height=i}if(\"link\"===t.message)if(a=l.createElement(\"a\"),i=l.createElement(\"a\"),a.href=r.getAttribute(\"src\"),i.href=t.value,o.test(i.protocol))if(i.host===a.host)if(l.activeElement===r)d.top.location.href=t.value}}},e)d.addEventListener(\"message\",d.wp.receiveEmbedMessage,!1),l.addEventListener(\"DOMContentLoaded\",t,!1),d.addEventListener(\"load\",t,!1);function t(){if(!o){o=!0;for(var e,t,r,a=-1!==navigator.appVersion.indexOf(\"MSIE 10\"),i=!!navigator.userAgent.match(\/Trident.*rv:11\\.\/),s=l.querySelectorAll(\"iframe.wp-embedded-content\"),n=0;n<s.length;n++){if(!(r=(t=s[n]).getAttribute(\"data-secret\")))r=Math.random().toString(36).substr(2,10),t.src+=\"#?secret=\"+r,t.setAttribute(\"data-secret\",r);if(a||i)(e=t.cloneNode(!0)).removeAttribute(\"security\"),t.parentNode.replaceChild(e,t);t.contentWindow.postMessage({message:\"ready\",secret:r},\"*\")}}}}(window,document);\n<\/script>\n","thumbnail_url":"https:\/\/nationalphilharmonic.tv\/wp-content\/uploads\/2025\/05\/2024-03-20-23-800x450-1.jpg","thumbnail_width":800,"thumbnail_height":450,"description":"The nationalphilharmonic.tv invites you to listen to the Concerto for viola and string orchestra by one of the internationally best-known Latvian composers, P\u0113teris Vasks. Saturated with contrasts of today\u2019s world, full of questions of life and existence, this opus is performed by Kristina Anusevi\u010di\u016bt\u0117, violist and member of the Vilnius String Quartet, together with the Lithuanian Chamber Orchestra, under the baton of Maestro Benjamin Haemhouts."}

Lietuvos Nacionalinės Filharmonijos TV

PĒTERIS VASKS - Lietuvos Nacionalinės Filharmonijos TV

<blockquote class="wp-embedded-content" data-secret="upkYZRhdbM"><a href="https://nationalphilharmonic.tv/en/koncertas/peteris-vasks-concerto-for-viola-and-string-orchestra/">PĒTERIS VASKS</a></blockquote><iframe sandbox="allow-scripts" security="restricted" src="https://nationalphilharmonic.tv/en/koncertas/peteris-vasks-concerto-for-viola-and-string-orchestra/embed/#?secret=upkYZRhdbM" width="600" height="338" title="&#8220;PĒTERIS VASKS&#8221; &#8212; Lietuvos Nacionalinės Filharmonijos TV" data-secret="upkYZRhdbM" frameborder="0" marginwidth="0" marginheight="0" scrolling="no" class="wp-embedded-content"></iframe><script type="text/javascript">
/*! This file is auto-generated */
!function(d,l){"use strict";var e=!1,o=!1;if(l.querySelector)if(d.addEventListener)e=!0;if(d.wp=d.wp||{},!d.wp.receiveEmbedMessage)if(d.wp.receiveEmbedMessage=function(e){var t=e.data;if(t)if(t.secret||t.message||t.value)if(!/[^a-zA-Z0-9]/.test(t.secret)){for(var r,a,i,s=l.querySelectorAll('iframe[data-secret="'+t.secret+'"]'),n=l.querySelectorAll('blockquote[data-secret="'+t.secret+'"]'),o=new RegExp("^https?:$","i"),c=0;c<n.length;c++)n[c].style.display="none";for(c=0;c<s.length;c++)if(r=s[c],e.source===r.contentWindow){if(r.removeAttribute("style"),"height"===t.message){if(1e3<(i=parseInt(t.value,10)))i=1e3;else if(~~i<200)i=200;r.height=i}if("link"===t.message)if(a=l.createElement("a"),i=l.createElement("a"),a.href=r.getAttribute("src"),i.href=t.value,o.test(i.protocol))if(i.host===a.host)if(l.activeElement===r)d.top.location.href=t.value}}},e)d.addEventListener("message",d.wp.receiveEmbedMessage,!1),l.addEventListener("DOMContentLoaded",t,!1),d.addEventListener("load",t,!1);function t(){if(!o){o=!0;for(var e,t,r,a=-1!==navigator.appVersion.indexOf("MSIE 10"),i=!!navigator.userAgent.match(/Trident.*rv:11\./),s=l.querySelectorAll("iframe.wp-embedded-content"),n=0;n<s.length;n++){if(!(r=(t=s[n]).getAttribute("data-secret")))r=Math.random().toString(36).substr(2,10),t.src+="#?secret="+r,t.setAttribute("data-secret",r);if(a||i)(e=t.cloneNode(!0)).removeAttribute("security"),t.parentNode.replaceChild(e,t);t.contentWindow.postMessage({message:"ready",secret:r},"*")}}}}(window,document);
</script>

The nationalphilharmonic.tv invites you to listen to the Concerto for viola and string orchestra by one of the internationally best-known Latvian composers, Pēteris Vasks. Saturated with contrasts of today’s world, full of questions of life and existence, this opus is performed by Kristina Anusevičiūtė, violist and member of the Vilnius String Quartet, together with the Lithuanian Chamber Orchestra, under the baton of Maestro Benjamin Haemhouts.
